854 and 22?
22
Calculate the greatest common divisor of 59 and 22361.
59
What is the greatest common factor of 4223 and 287?
41
Calculate the greatest common factor of 12039 and 3.
3
What is the highest common divisor of 154 and 70?
14
Calculate the greatest common divisor of 1116 and 36.
36
What is the highest common factor of 4216 and 408?
136
What is the highest common factor of 122 and 61?
61
What is the highest common factor of 78 and 1066?
26
Calculate the greatest common divisor of 266 and 1007.
19
What is the greatest common divisor of 100 and 940?
20
Calculate the highest common factor of 5200 and 225.
25
What is the highest common factor of 8 and 964?
4
What is the greatest common factor of 135 and 225?
45
What is the highest common factor of 3775 and 250?
25
Calculate the greatest common factor of 228 and 266.
38
What is the greatest common factor of 13855 and 255?
85
What is the greatest common factor of 2400 and 45?
15
Calculate the greatest common divisor of 1504 and 282.
94
Calculate the highest common factor of 459 and 2214.
27
What is the greatest common factor of 78 and 4?
2
What is the highest common factor of 742 and 28?
14
What is the greatest common divisor of 120 and 290?
10
What is the highest common factor of 559 and 43?
43
Calculate the highest common factor of 1215 and 15.
15
What is the greatest common factor of 256 and 21952?
64
Calculate the highest common factor of 11580 and 60.
60
What is the greatest common factor of 16 and 3088?
16
What is the highest common divisor of 147 and 3?
3
What is the highest common factor of 28 and 37478?
14
What is the greatest common divisor of 96516 and 252?
252
What is the highest common factor of 20000 and 240?
80
Calculate the greatest common divisor of 16 and 11576.
8
Calculate the greatest common factor of 869 and 79.
79
What is the highest common factor of 160 and 31520?
160
Calculate the highest common divisor of 16 and 132.
4
What is the highest common divisor of 117 and 234?
117
What is the highest common divisor of 10930 and 50?
10
What is the highest common factor of 210 and 270?
30
Calculate the greatest common divisor of 16 and 2896.
16
Calculate the highest common factor of 25432 and 88.
88
Calculate the highest common divisor of 305 and 61.
61
What is the greatest common divisor of 147 and 2303?
49
What is the highest common divisor of 30 and 690?
30
Calculate the highest common divisor of 795 and 15.
15
Calculate the highest common factor of 8414 and 14.
14
Calculate the greatest common divisor of 506 and 22.
22
What is the greatest common divisor of 12 and 252?
12
Calculate the highest common divisor of 18 and 873.
9
What is the highest common divisor of 11697 and 42?
21
What is the greatest common factor of 121 and 33?
11
What is the highest common divisor of 816 and 102?
102
What is the highest common divisor of 16827 and 213?
213
What is the greatest common factor of 736 and 138?
46
Calculate the greatest common factor of 162 and 6561.
81
Calculate the highest common divisor of 297 and 198.
99
What is the highest common divisor of 175 and 50?
25
What is the highest common factor of 1053 and 78?
39
Calculate the highest common divisor of 30 and 8490.
30
What is the highest common factor of 6078 and 2?
2
Calculate the highest common factor of 13 and 13.
13
Calculate the greatest common factor of 699 and 932.
233
Calculate the greatest common factor of 169 and 39.
13
Calculate the highest common factor of 9269 and 7254.
403
Calculate the highest common divisor of 6754 and 22.
22
What is the greatest common factor of 124 and 155?
31
Calculate the greatest common divisor of 368 and 874.
46
What is the highest common factor of 30 and 1780?
10
Calculate the greatest common divisor of 850 and 50.
50
Calculate the greatest common divisor of 163 and 6.
1
What is the highest common divisor of 8484 and 336?
84
Calculate the highest common divisor of 4906 and 110.
22
What is the highest common divisor of 53 and 2597?
53
Calculate the greatest common factor of 200 and 1740.
20
What is the highest common factor of 1480 and 160?
40
What is the highest common divisor of 154 and 16?
2
Calculate the greatest common divisor of 1540 and 132.
44
Calculate the highest common factor of 34 and 85.
17
What is the greatest common divisor of 17 and 119?
17
Calculate the highest common divisor of 450 and 52875.
225
What is the highest common factor of 128 and 2?
2
What is the highest common divisor of 222 and 1850?
74
What is the highest common factor of 3 and 4?
1
What is the highest common divisor of 60 and 268?
4
Calculate the greatest common factor of 169 and 1859.
169
What is the greatest common divisor of 1330 and 140?
70
Calculate the greatest common factor of 1225 and 50.
25
Calculate the highest common factor of 5784 and 40.
8
What is the highest common divisor of 8 and 12?
4
What is the highest common divisor of 59 and 11741?
59
What is the highest common divisor of 10248 and 112?
56
What is the highest common divisor of 240 and 12?
12
Calculate the greatest common divisor of 2 and 22.
2
What is the greatest common divisor of 168 and 777?
21
What is the greatest common divisor of 174 and 290?
58
What is the greatest common divisor of 28 and 4844?
28
What is the greatest common factor of 1023 and 93?
93
Calculate the highest common factor of 30 and 290.
10
What is the highest common divisor of 156 and 221?
13
What is the highest common divisor of 84 and 2037?
21
What is the greatest common factor of 56 and 14?
14
What is the highest common factor of 59 and 2183?
59
What is the greatest common divisor of 660 and 11?
11
Calculate the greatest common factor of 26 and 650.
26
Calculate the highest common factor of 66496 and 64.
64
What is the highest common divisor of 2 and 22?
2
Calculate the highest common factor of 6 and 972.
6
Calculate the highest common factor of 4470 and 60.
30
What is the greatest common divisor of 365 and 270?
5
Calculate the greatest common factor of 410 and 1066.
82
What is the highest common factor of 981 and 545?
109
Calculate the greatest common divisor of 1769 and 61.
61
What is the greatest common divisor of 33 and 1947?
33
Calculate the greatest common divisor of 575 and 100.
25
What is the highest common factor of 37 and 333?
37
Calculate the highest common factor of 203 and 21.
7
Calculate the highest common factor of 15 and 100.
5
Calculate the highest common divisor of 30 and 20505.
15
Calculate the highest common factor of 3392 and 704.
64
Calculate the highest common factor of 8240 and 88.
8
What is the greatest common factor of 29 and 725?
29
What is the greatest common factor of 11 and 4158?
11
What is the greatest common factor of 6785 and 46?
23
Calculate the highest common factor of 536 and 4.
4
Calculate the highest common factor of 550 and 200.
50
Calculate the greatest common factor of 610 and 320.
10
Calculate the greatest common factor of 136 and 102.
34
What is the highest common divisor of 6 and 48?
6
Calculate the highest common divisor of 4312 and 126.
14
Calculate the greatest common divisor of 256 and 3648.
64
Calculate the greatest common divisor of 29 and 29.
29
Calculate the highest common factor of 9 and 57.
3
What is the greatest common divisor of 1363 and 141?
47
Calculate the highest common divisor of 5952 and 93.
93
What is the highest common divisor of 64 and 144?
16
Calculate the highest common factor of 36 and 396.
36
What is the greatest common factor of 195 and 75?
15
Calculate the greatest common factor of 300 and 23400.
300
What is the greatest common factor of 624 and 96?
48
What is the greatest common divisor of 7 and 22547?
7
Calculate the highest common divisor of 42 and 10542.
42
What is the greatest common factor of 1125 and 1800?
225
What is the greatest common factor of 104 and 117?
13
What is the greatest common factor of 147 and 3675?
147
What is the highest common divisor of 288 and 180?
36
Calculate the highest common divisor of 1411 and 83.
83
Calculate the highest common factor of 1035 and 575.
115
Calculate the highest common factor of 28611 and 9.
9
Calculate the highest common factor of 226 and 2.
2
Calculate the highest common divisor of 204 and 84.
12
What is the highest common divisor of 91